{"id":107,"date":"2010-08-27T15:06:34","date_gmt":"2010-08-27T18:06:34","guid":{"rendered":"http:\/\/www.institutodemedicinaalternativa.com\/sitio\/"},"modified":"2013-06-21T13:38:35","modified_gmt":"2013-06-21T16:38:35","slug":"cursos","status":"publish","type":"page","link":"https:\/\/www.institutodemedicinaalternativa.com\/sitio\/cursos\/","title":{"rendered":"Cursos"},"content":{"rendered":"<p><strong>Curso de Medicina Fisiol\u00f3gica<\/strong><\/p>\n<p><strong><span style=\"text-decoration: underline;\">RECUPERACION NATURAL DE ENFERMEDADES CARDIOVASCULARES<\/span><\/strong><\/p>\n<p>CURSO DESTINADO A MEDICOS, ESTUDIANTES DE MEDICINA Y PROFESIONES AFINES DE ARGENTINA Y EL EXTERIOR.<\/p>\n<p>DURACION DEL CURSO: CUATRO MODULOS, A DICTARSE LOS DIAS VIERNES DE 18.00 A 21.00 HS.<\/p>\n<p>INICIO DEL CURSO MARZO 2011. VACANTES LIMITADAS.<\/p>\n<p><span style=\"text-decoration: underline;\">MODULO I: <\/span><\/p>\n<p>Introducci\u00f3n a la Medicina Fisiol\u00f3gica.<\/p>\n<p>Descubrimiento de la Medicina Nutricional.<\/p>\n<p>Enfermedades por carencias nutricionales, nutrientes espec\u00edficos.<\/p>\n<p>Fisiopatolog\u00eda de la Arterioesclerosis.<\/p>\n<p><span style=\"text-decoration: underline;\">MODULO II:<\/span><\/p>\n<p>Vitaminas que intervienen en la recuperaci\u00f3n cardiovascular, uso y dosis.<\/p>\n<p>Amino\u00e1cidos espec\u00edficos, uso y dosis.<\/p>\n<p>Oligoelementos y Minerales.<\/p>\n<p>Bionutrientes espec\u00edficos para la recuperaci\u00f3n cardiovascular.<\/p>\n<p>Fitof\u00e1rmacos.<\/p>\n<p>Aceites esenciales para el coraz\u00f3n.<\/p>\n<p><span style=\"text-decoration: underline;\">MODULO III<\/span>:<\/p>\n<p>Arterioesclerosis, infarto card\u00edaco y apoplej\u00eda, uso de nutrientes espec\u00edficos.<\/p>\n<p>Colesterol, Triglic\u00e9ridos, su tratamiento.<\/p>\n<p>Hipertensi\u00f3n Arterial, su tratamiento.<\/p>\n<p>Insuficiencia Card\u00edaca. Bionutrientes espec\u00edficos.<\/p>\n<p>Arritmia Card\u00edaca. Tratamiento.<\/p>\n<p><span style=\"text-decoration: underline;\">MODULO IV<\/span>:<\/p>\n<p>Diabetes.<\/p>\n<p>Angina de Pecho.<\/p>\n<p>Pacientes Post infarto.<\/p>\n<p>Pacientes con operaci\u00f3n de By pass, sus cuidados.<\/p>\n<p>Pacientes con Angioplastia, sus cuidados.<\/p>\n<p>Factores de riesgo, su tratamiento.<\/p>\n<p>DIRECTOR DEL CURSO: DR. CARLOS DANIEL DUCASSE<\/p>\n<p>EX JEFE DEL SERVICIO DE UNIDAD CORONARIA DE EMPRESA HANEMANN SERVICIOS DE MEDICINA<\/p>\n","protected":false},"excerpt":{"rendered":"<p>Curso de Medicina Fisiol\u00f3gica RECUPERACION NATURAL DE ENFERMEDADES CARDIOVASCULARES CURSO DESTINADO A MEDICOS, ESTUDIANTES DE MEDICINA Y PROFESIONES AFINES DE ARGENTINA Y EL EXTERIOR. DURACION DEL CURSO: CUATRO MODULOS, A DICTARSE LOS DIAS VIERNES DE 18.00 A 21.00 HS. INICIO DEL CURSO MARZO 2011. VACANTES LIMITADAS. MODULO I: Introducci\u00f3n a la Medicina Fisiol\u00f3gica. Descubrimiento de [&hellip;]<\/p>\n","protected":false},"author":1,"featured_media":0,"parent":0,"menu_order":5,"comment_status":"closed","ping_status":"open","template":"","meta":[],"_links":{"self":[{"href":"https:\/\/www.institutodemedicinaalternativa.com\/sitio\/wp-json\/wp\/v2\/pages\/107"}],"collection":[{"href":"https:\/\/www.institutodemedicinaalternativa.com\/sitio\/wp-json\/wp\/v2\/pages"}],"about":[{"href":"https:\/\/www.institutodemedicinaalternativa.com\/sitio\/wp-json\/wp\/v2\/types\/page"}],"author":[{"embeddable":true,"href":"https:\/\/www.institutodemedicinaalternativa.com\/sitio\/wp-json\/wp\/v2\/users\/1"}],"replies":[{"embeddable":true,"href":"https:\/\/www.institutodemedicinaalternativa.com\/sitio\/wp-json\/wp\/v2\/comments?post=107"}],"version-history":[{"count":8,"href":"https:\/\/www.institutodemedicinaalternativa.com\/sitio\/wp-json\/wp\/v2\/pages\/107\/revisions"}],"predecessor-version":[{"id":440,"href":"https:\/\/www.institutodemedicinaalternativa.com\/sitio\/wp-json\/wp\/v2\/pages\/107\/revisions\/440"}],"wp:attachment":[{"href":"https:\/\/www.institutodemedicinaalternativa.com\/sitio\/wp-json\/wp\/v2\/media?parent=107"}],"curies":[{"name":"wp","href":"https:\/\/api.w.org\/{rel}","templated":true}]}}