{"id":203,"date":"2010-11-02T17:32:18","date_gmt":"2010-11-02T20:32:18","guid":{"rendered":"http:\/\/www.institutodemedicinaalternativa.com\/sitio\/"},"modified":"2020-09-25T22:02:48","modified_gmt":"2020-09-26T01:02:48","slug":"medicina-del-dolor","status":"publish","type":"page","link":"https:\/\/www.institutodemedicinaalternativa.com\/sitio\/servicios\/medicina-del-dolor\/","title":{"rendered":"Medicina del Dolor"},"content":{"rendered":"<h2><a title=\"Permanent Link to DUCASSE FLEX, LA CREMA QUE REVOLUCIONA EL TRATAMIENTO DE LAS CONTRACTURAS Y EL DOLOR MUSCULAR\" href=\"http:\/\/www.institutodemedicinaalternativa.com\/sitio\/nutricion\/noticias\/ducasse-flexla-crema-que-revoluciona-el-tratamiento-de-las-contracturas-y-el-dolor-muscular\/\" rel=\"bookmark\"><span style=\"color: #000000;\"><span style=\"color: #008000;\">DUCASSE FLEX<\/span>, LA CREMA QUE REVOLUCIONA EL TRATAMIENTO DE LAS CONTRACTURAS Y EL DOLOR MUSCULAR<\/span><\/a><a href=\"http:\/\/www.institutodemedicinaalternativa.com\/sitio\/wp-content\/uploads\/Diapositiva18.jpg\"><img loading=\"lazy\" class=\"size-medium wp-image-437 alignleft\" title=\"Diapositiva1\" src=\"http:\/\/www.institutodemedicinaalternativa.com\/sitio\/wp-content\/uploads\/Diapositiva18-300x225.jpg\" alt=\"\" width=\"300\" height=\"225\" srcset=\"https:\/\/www.institutodemedicinaalternativa.com\/sitio\/wp-content\/uploads\/Diapositiva18-300x225.jpg 300w, https:\/\/www.institutodemedicinaalternativa.com\/sitio\/wp-content\/uploads\/Diapositiva18.jpg 720w\" sizes=\"(max-width: 300px) 100vw, 300px\" \/><\/a><\/h2>\n<p><em><span style=\"color: #008000;\">www.institutodemedicinaalternativa.com<\/span><\/em><\/p>\n<p><span style=\"color: #008000;\"><span style=\"text-decoration: underline;\"><em><strong>MEJORA EL DOLOR, LA PICAZ\u00d3N Y OTORGA MAYOR RELAJACI\u00d3N MUSCULAR EN 30 MINUTOS<\/strong><\/em><\/span><\/span><\/p>\n<div><\/div>\n<p><strong><em><span style=\"color: #008000;\">DUCASSE FLEX<\/span>: \u00a0es como tener un <span style=\"color: #008000;\">quiropr\u00e1ctico <\/span><span style=\"color: #008000;\">y <\/span><span style=\"color: #008000;\">masajista <\/span><span style=\"color: #008000;\">en casa<\/span>, dado el importante efecto relajante muscular, si hay v\u00e9rtebras bloqueadas, se acomodan ( hacen ruido ) solas en forma espont\u00e1nea y se calma el dolor.<\/em><\/strong><\/p>\n<p><strong><span style=\"color: #000000;\"><em><em>La crema que cuida lo m\u00e1s preciado, nuestra familia<\/em><\/em><em> .<\/em><\/span><\/strong><\/p>\n<p>Esta crema ha sido pensada para el uso de toda la familia, desde ni\u00f1os a partir de los 8 a\u00f1os hasta ancianos de cualquier edad, ya que su f\u00f3rmula natural, totalmente compuesta por <span style=\"color: #008000;\">extractos de plantas medicinales<\/span> (<span style=\"color: #008000;\">\u00e1rnica, aloe vera, sauce blanco, lavanda<\/span>), permite que sea utilizada por todas las personas, pues no presenta efectos secundarios,<span style=\"color: #008000;\"><em> hipoalerg\u00e9nica<\/em><\/span> y ha sido <span style=\"color: #008000;\"><em>dermatol\u00f3gicamente testead<\/em><\/span><span style=\"color: #008000;\">a.<\/span><\/p>\n<p><a href=\"http:\/\/www.institutodemedicinaalternativa.com\/sitio\/wp-content\/uploads\/Diapositiva1-11.jpg\" rel=\"attachment wp-att-1111\"><img loading=\"lazy\" class=\"alignleft size-medium wp-image-1111\" src=\"http:\/\/www.institutodemedicinaalternativa.com\/sitio\/wp-content\/uploads\/Diapositiva1-11-300x225.jpg\" alt=\"Diapositiva1\" width=\"300\" height=\"225\" srcset=\"https:\/\/www.institutodemedicinaalternativa.com\/sitio\/wp-content\/uploads\/Diapositiva1-11-300x225.jpg 300w, https:\/\/www.institutodemedicinaalternativa.com\/sitio\/wp-content\/uploads\/Diapositiva1-11.jpg 720w\" sizes=\"(max-width: 300px) 100vw, 300px\" \/><\/a><\/p>\n<p>&nbsp;<\/p>\n<p>Indicada para todo tipo de dolencia muscular y articular, tanto pre y post actividad f\u00edsica como ante torceduras, desgarros o contracturas, permitiendo una r\u00e1pida recuperaci\u00f3n de la zona afectada y una efectiva disminuci\u00f3n del dolor, atento sus <strong><em><span style=\"color: #008000;\">propiedades antiinflamatorias, analg\u00e9sicas y<\/span><span style=\"color: #008000;\"> relajantes<\/span><\/em><\/strong>. <em>Al ser aplicada, es absorbida por la piel,\u00a0 generando, a partir de los<span style=\"color: #008000;\"><strong> 30 minutos<\/strong> <\/span>de su colocaci\u00f3n en la zona afectada, la<span style=\"color: #008000;\"><strong> mejor\u00eda de dolores y contracturas musculares y la restauraci\u00f3n neurohormonal <\/strong><strong>.<\/strong><\/span><\/em><\/p>\n<p>Siendo sumamente efectiva en dolencias como artritis (reumatoidea, psori\u00e1sica, espondiloartritis), dolores musculares cr\u00f3nicos (fibromialgias), osteoartrosis, neuralgias (idiop\u00e1tica del trig\u00e9mino, post- herp\u00e9ticas, odontalgias, jaquecas) alivio del dolor neurop\u00e1tico (diabetes), en estados postquir\u00fargicos, algias cicatrizales post- mastectom\u00edas y post- radioterapia terap\u00e9utica, ya que mejora la cicatrizaci\u00f3n, la inflamaci\u00f3n y el dolor; es efectiva tambi\u00e9n en mejorar pruritos ( picaz\u00f3n) por \u00a0eczemas \u00a0urticarianos y psori\u00e1sicos. Mejora dolores menstruales y circulatorios de origen arterial \u00a0y venoso .Mis treinta a\u00f1os de experiencia en la Medicina Alternativa y Natural me han permitido formular la crema\u00a0<strong><em><span style=\"color: #008000;\">DUCASSE FLEX<\/span><\/em><\/strong>, totalmente elaborada con<em> <strong><span style=\"color: #008000;\">componentes naturales<\/span>.<\/strong><\/em><\/p>\n<p>Presentaci\u00f3n :\u00a0frascos por 100 gramos.<\/p>\n<p><em><span style=\"color: #008000;\">www.institutodemedicinaalternativa.com<\/span><\/em><\/p>\n<p><em><span style=\"color: #008000;\"><strong>Nueva Tienda on line para comprar las cremas, con env\u00edo a todo el Pa\u00eds:<\/strong><\/span><\/em><\/p>\n<p><em><span style=\"color: #008000;\">http:\/\/institutodemedicinaalternativa.com\/tienda\/.<\/span><\/em><\/p>\n<p>&nbsp;<\/p>\n<div><\/div>\n<p><span style=\"font-weight: bold;\"><span style=\"color: #000000;\"><em>Dr. Carlos Daniel Ducasse<\/em><\/span><\/span><\/p>\n<p>Tel.: 4521-9994 \/ 4523-1094<br \/>\ninfo@iamac.com.ar<\/p>\n<p>Ciudad Aut\u00f3noma de Buenos Aires \u00a0Argentina.<\/p>\n<div id=\"page\">\n<div id=\"centercol\">\n<div id=\"post-78\">\n<p><img loading=\"lazy\" title=\"homeopat\u00eda gl\u00f3bulos\" src=\"http:\/\/www.institutodemedicinaalternativa.com\/sitio\/wp-content\/uploads\/homeopat%C3%ADa-gl%C3%B3bulos-150x150.jpg\" alt=\"\" width=\"150\" height=\"150\" \/><\/p>\n<h3><em>Homeopat\u00eda:<\/em><\/h3>\n<p>Es un sistema m\u00e9dico terape\u00fatico que considera que el malestar se manifiesta primero con s\u00edntomas emocionales\u00a0(como ansiedad y aversiones) que, si no son tratados a tiempo, pasan a ser mentales o conductuales, deviniendo posteriormente en\u00a0enfermedad f\u00edsica. ocasionada por la falta de armon\u00eda con la fuerza vital. Esta terape\u00fatica regula la energ\u00eda vital del paciente,\u00a0armoniz\u00e1ndolo\u00a0y llev\u00e1ndolo hacia una curaci\u00f3n natural.<\/p>\n<h3><img loading=\"lazy\" title=\"osteopat\u00eda\" src=\"http:\/\/www.institutodemedicinaalternativa.com\/sitio\/wp-content\/uploads\/osteopat%C3%ADa-150x150.jpg\" alt=\"\" width=\"150\" height=\"150\" \/><\/h3>\n<h3><em>Osteopat\u00eda:<\/em><\/h3>\n<p>Es un sistema de curaci\u00f3n que considera al cuerpo como un organismo vital en el que su estructura y funci\u00f3n deben\u00a0estar coordinadas para gozar de buena salud, por lo que ante la enfermedad se vale de una terapia de restauraci\u00f3n manipuladora\u00a0estructural para lograr el restablecimiento,\u00a0\u00a0llev\u00e1ndolo hacia una curaci\u00f3n natural.<\/p>\n<p><img loading=\"lazy\" title=\"acupuntura\" src=\"http:\/\/www.institutodemedicinaalternativa.com\/sitio\/wp-content\/uploads\/acupuntura2-150x150.jpg\" alt=\"\" width=\"150\" height=\"150\" \/><\/p>\n<h3><strong><em>Acupuntura:<\/em><\/strong><\/h3>\n<p>Es un m\u00e9todo terape\u00fatico chino basado en la estimulaci\u00f3n de determinados puntos de la piel con agujas, por\u00a0estimulaci\u00f3n el\u00e9ctrica o qu\u00edmica, o por moxibusti\u00f3n.\u00a0Act\u00faa estimulando zonas denominadas meridianos chinos, regulando la energ\u00eda del paciente, logrando su armonizaci\u00f3n y\u00a0curaci\u00f3n natural.<\/p>\n<p><img loading=\"lazy\" title=\"auriculoterapia\" src=\"http:\/\/www.institutodemedicinaalternativa.com\/sitio\/wp-content\/uploads\/auriculoterapia-150x150.jpg\" alt=\"\" width=\"150\" height=\"150\" \/><\/p>\n<h3><em>Aur\u00edculoterapia:<\/em><\/h3>\n<p>Es la acupuntura aplicada en el pabell\u00f3n de la oreja, donde se hallan los puntos terape\u00fatico chino basado en la estimulaci\u00f3n\u00a0de determinados puntos de la piel con agujas, por estimulaci\u00f3n el\u00e9ctrica o qu\u00edmica.<\/p>\n<\/div>\n<\/div>\n<\/div>\n<h2><em>Mesoterapia<\/em><\/h2>\n<p>&nbsp;<\/p>\n<div id=\"post-209\">\n<div>\n<p>La Mesoterapia es una concepci\u00f3n terap\u00e9utica nueva simple que aproxima el medicamento al lugar de la patolog\u00eda mediante dosis intrad\u00e9rmica m\u00ednimas y regionales.<\/p>\n<p><a href=\"http:\/\/www.institutodemedicinaalternativa.com\/sitio\/wp-content\/uploads\/Diapositiva1-12.jpg\" rel=\"attachment wp-att-1112\"><img loading=\"lazy\" class=\"alignleft size-medium wp-image-1112\" src=\"http:\/\/www.institutodemedicinaalternativa.com\/sitio\/wp-content\/uploads\/Diapositiva1-12-300x225.jpg\" alt=\"Diapositiva1\" width=\"300\" height=\"225\" srcset=\"https:\/\/www.institutodemedicinaalternativa.com\/sitio\/wp-content\/uploads\/Diapositiva1-12-300x225.jpg 300w, https:\/\/www.institutodemedicinaalternativa.com\/sitio\/wp-content\/uploads\/Diapositiva1-12.jpg 720w\" sizes=\"(max-width: 300px) 100vw, 300px\" \/><\/a><\/p>\n<p>La palabra Mesoterapia tiene una ra\u00edz que deriva del griego: meso (medio, mitad) y terap\u00e9utica (tratamiento). En la capa media de la piel se inyecta la medicaci\u00f3n, llamada dermis. El Dr Pistor fu\u00e9 el creador de \u00e9ste m\u00e9todo original, que consiste en la aplicaci\u00f3n de\u00a0<strong><em>medicaci\u00f3n:<\/em><\/strong> alop\u00e1tica o natural o la mezcla de ambas, las\u00a0<strong><em>dosis <\/em><\/strong>aplicadas siempre son\u00a0<strong><em>peque\u00f1as<\/em><\/strong>,\u00a0<em><strong>parenteral<\/strong><\/em> : ya que se realizan<strong><em> inyecciones <\/em><\/strong>intrad\u00e9rmicas o subcut\u00e1neas ;<strong><em> polivalente<\/em><\/strong>: por su eficacia en m\u00faltiples patolog\u00edas de distintas especialidades;\u00a0<em><strong>regionalizada:<\/strong> porque el acto mesoter\u00e1pico se realiza en el sitio m\u00e1s cercano de la lesi\u00f3n. La mesoterapia es \u00fatil en diferentes enfermedades cl\u00ednicas agudas o cr\u00f3nicas, medicina est\u00e9tica, medicina del dolor y del deporte.<\/em><\/p>\n<\/div>\n<\/div>\n","protected":false},"excerpt":{"rendered":"<p>DUCASSE FLEX, LA CREMA QUE REVOLUCIONA EL TRATAMIENTO DE LAS CONTRACTURAS Y EL DOLOR MUSCULAR www.institutodemedicinaalternativa.com MEJORA EL DOLOR, LA PICAZ\u00d3N Y OTORGA MAYOR RELAJACI\u00d3N MUSCULAR EN 30 MINUTOS DUCASSE FLEX: \u00a0es como tener un quiropr\u00e1ctico y masajista en casa, dado el importante efecto relajante muscular, si hay v\u00e9rtebras bloqueadas, se acomodan ( hacen ruido [&hellip;]<\/p>\n","protected":false},"author":1,"featured_media":0,"parent":192,"menu_order":5,"comment_status":"closed","ping_status":"open","template":"","meta":[],"_links":{"self":[{"href":"https:\/\/www.institutodemedicinaalternativa.com\/sitio\/wp-json\/wp\/v2\/pages\/203"}],"collection":[{"href":"https:\/\/www.institutodemedicinaalternativa.com\/sitio\/wp-json\/wp\/v2\/pages"}],"about":[{"href":"https:\/\/www.institutodemedicinaalternativa.com\/sitio\/wp-json\/wp\/v2\/types\/page"}],"author":[{"embeddable":true,"href":"https:\/\/www.institutodemedicinaalternativa.com\/sitio\/wp-json\/wp\/v2\/users\/1"}],"replies":[{"embeddable":true,"href":"https:\/\/www.institutodemedicinaalternativa.com\/sitio\/wp-json\/wp\/v2\/comments?post=203"}],"version-history":[{"count":69,"href":"https:\/\/www.institutodemedicinaalternativa.com\/sitio\/wp-json\/wp\/v2\/pages\/203\/revisions"}],"predecessor-version":[{"id":1417,"href":"https:\/\/www.institutodemedicinaalternativa.com\/sitio\/wp-json\/wp\/v2\/pages\/203\/revisions\/1417"}],"up":[{"embeddable":true,"href":"https:\/\/www.institutodemedicinaalternativa.com\/sitio\/wp-json\/wp\/v2\/pages\/192"}],"wp:attachment":[{"href":"https:\/\/www.institutodemedicinaalternativa.com\/sitio\/wp-json\/wp\/v2\/media?parent=203"}],"curies":[{"name":"wp","href":"https:\/\/api.w.org\/{rel}","templated":true}]}}